- 10054. Determine c(15).
551
Let y(o) = 5034*o - 145976. What is y(29)?
10
Let b(f) = f**2 - 63205*f - 12426595. Give b(-196).
1
Let s(o) = 3*o**2 + 136*o - 1404. Give s(9).
63
Let h(c) = -2*c**3 + 300*c**2 + 3895*c - 1139. What is h(162)?
-5
Let m(k) = -k**3 - 27*k**2 - 186*k + 281. Give m(-19).
927
Let b(a) = a**3 - 20*a**2 - 375*a + 169. Give b(-12).
61
Let k(f) = 1211*f - 32341. Determine k(29).
2778
Let q(v) = 625*v - 7276. Give q(11).
-401
Let u(t) = 2*t**2 + 26311*t + 157799. Give u(-6).
5
Let m(y) = -y**2 - 232*y + 157128. Give m(297).
15
Let g(l) = -4600*l - 331300. Determine g(-72).
-100
Let v(n) = 3*n**3 + 7*n**2 + 8*n - 56. What is v(2)?
12
Let z(c) = 117*c**2 + 634*c + 5. What is z(-7)?
1300
Let s(t) = 4591*t + 105570. Determine s(-23).
-23
Let y(d) = -1079*d + 84186. Calculate y(78).
24
Let k(w) = 12*w**2 - 934*w + 15126. Determine k(23).
-8
Let r(z) = z**2 + 4464*z - 171402. What is r(38)?
-326
Let n(s) = -3208*s - 96225. Determine n(-30).
15
Let h(y) = 24*y**2 + 988*y + 3445. Calculate h(-4).
-123
Let d(n) = -6*n**2 - 1048*n - 774. Give d(-174).
-78
Let g(t) = -656*t - 6214. Give g(-9).
-310
Let n(x) = 381*x**3 - 151*x**2 - 13*x + 10. Calculate n(1).
227
Let f(u) = -2*u**3 - 352*u**2 - 699*u - 558. What is f(-174)?
-36
Let s(a) = a**3 + 41*a**2 - 3*a + 3324. What is s(-41)?
3447
Let j(o) = 716*o + 144054. What is j(-201)?
138
Let v(s) = -s**3 - 2434*s**2 + 14725*s - 518. Calculate v(6).
-8
Let v(t) = -1734*t + 2643. Give v(2).
-825
Let o(h) = -3*h**3 + 100*h**2 - 1056*h + 29708. Give o(32).
12
Let b(a) = a**2 + 610*a - 87496. Determine b(120).
104
Let j(y) = -174*y - 776. Determine j(2).
-1124
Let n(h) = -982*h + 44440. Determine n(46).
-732
Let j(i) = -1214*i + 128747. Determine j(106).
63
Let c(h) = -h**3 - 289*h**2 - 2505*h + 3702. Give c(-280).
-498
Let s(q) = -2*q**3 - 104*q**2 - 2*q - 84. Calculate s(0).
-84
Let m(z) = z**3 + 9*z**2 - 2104*z - 14826. What is m(-7)?
0
Let d(h) = 25586*h + 1381714. What is d(-54)?
70
Let q(w) = -w**3 + 152*w**2 + 1099*w - 95. Give q(-7).
3
Let q(y) = y**3 + 73*y**2 + 84*y + 278. What is q(-72)?
-586
Let h(n) = 2660*n - 2363. Give h(1).
297
Let u(j) = -11*j**2 - 392*j + 205. Calculate u(-37).
-350
Let f(z) = 6*z**2 - 359*z + 1151. Calculate f(56).
-137
Let o(m) = 50*m**2 + 769*m + 277. Give o(-15).
-8
Let j(i) = -5*i**2 + 6774*i - 40727. Determine j(6).
-263
Let p(s) = 28*s**3 + 144*s**2 + 1237*s + 6086. Give p(-5).
1
Let s(o) = -24167*o - 338089. Calculate s(-14).
249
Let q(s) = -2*s**3 - 226*s**2 + 1372*s + 22656. Give q(-118).
0
Let n(t) = -7495*t + 89955. Calculate n(12).
15
Let j(w) = 2083*w - 10002. Determine j(4).
-1670
Let d(t) = -2666123*t - 15996740. Determine d(-6).
-2
Let n(s) = -1137*s + 18174. Calculate n(16).
-18
Let y(z) = 168*z - 17258. Calculate y(103).
46
Let q(v) = -3285*v + 1471684. Calculate q(448).
4
Let j(m) = -50*m**2 - 648*m - 1993. Determine j(-8).
-9
Let j(a) = a**3 - 258*a**2 + 1748*a + 73. Determine j(7).
10
Let v(q) = 553*q - 76827. Calculate v(139).
40
Let k(c) = 6*c**2 - 5491*c + 10984. What is k(2)?
26
Let j(o) = -428*o - 78917. Calculate j(-185).
263
Let s(w) = -61*w**2 - 439*w - 92. Give s(-7).
-8
Let v(u) = u**2 - 111*u + 2927. Give v(63).
-97
Let m(s) = -57*s - 148. Determine m(50).
-2998
Let k(x) = 8*x**2 - 7766*x - 110280. Give k(-14).
12
Let k(h) = 912*h + 18182. Give k(-20).
-58
Let q(k) = 2*k**2 + 246*k + 696. Calculate q(-120).
-24
Let p(v) = -2916*v - 23317. What is p(-8)?
11
Let s(p) = 1708*p - 163691. Calculate s(96).
277
Let k(q) = -44512*q + 2670733. Give k(60).
13
Let f(j) = -8*j**2 - 129*j - 7. Give f(4).
-651
Let j(n) = 7774*n - 247352. Give j(32).
1416
Let q(k) = k**3 + 309*k**2 + 2111*k - 914. Calculate q(-302).
-8
Let l(s) = -s**3 + 13*s**2 - 1710*s + 18578. Determine l(11).
10
Let d(q) = -91341*q - 91375. Determine d(-1).
-34
Let j(p) = p**2 - 199992*p - 3200125. Give j(-16).
3
Let d(i) = -2658*i + 39796. Determine d(15).
-74
Let p(i) = -i**2 + 159*i + 2746. Determine p(-17).
-246
Let w(u) = -15075*u + 75013. Calculate w(5).
-362
Let j(p) = p**3 - 35*p**2 + 1077*p - 35454. What is j(34)?
8
Let d(s) = -2359007*s - 44821139. Give d(-19).
-6
Let d(l) = -4*l**3 - 17*l**2 + 6236*l + 31110. What is d(-5)?
5
Let b(o) = -8*o**2 + 5692*o + 78290. Calculate b(725).
-10
Let z(h) = -309780*h - 8364066. Calculate z(-27).
-6
Let c(h) = h**2 + 23*h - 3385. Determine c(60).
1595
Let a(q) = 14*q**3 + 148*q**2 + 33*q + 19. Determine a(-11).
-1070
Let u(p) = -36*p + 3413. Give u(106).
-403
Let x(z) = -615*z + 402181. Calculate x(654).
-29
Let a(i) = -5951*i - 1654884. Determine a(-278).
-506
Let l(d) = d**3 + 12*d**2 - 798*d - 6694. Give l(-8).
-54
Let l(x) = x**3 - 25*x**2 - 855*x + 20231. Determine l(22).
-31
Let k(p) = 1089*p**2 - 84*p - 108. Give k(-1).
1065
Let c(j) = j**3 + 96*j**2 - 528*j - 2266. What is c(-101)?
57
Let k(u) = 22*u**2 - 1095*u - 261. What is k(50)?
-11
Let w(y) = 79*y**2 - 2484*y - 7444. Give w(-3).
719
Let a(c) = 283*c**2 - 3581*c + 7501. What is a(10)?
-9
Let w(v) = -52607*v - 368098. Calculate w(-7).
151
Let t(q) = -36*q**2 + 537*q + 1073. What is t(-2)?
-145
Let c(f) = 2773*f + 499326. What is c(-180)?
186
Let c(d) = d**2 - 330*d - 88404. Give c(-175).
-29
Let d(u) = 2*u**3 - 7*u**2 + 48*u + 131. Determine d(7).
810
Let z(p) = -7*p**2 + 1362*p - 2481. Give z(193).
-358
Let f(s) = s**3 - 11*s**2 + 11393*s - 160098. Determine f(14).
-8
Let z(x) = -15*x**2 + 261*x + 46. Determine z(6).
1072
Let g(d) = -d**3 + 88*d**2 + 5641*d + 198. What is g(-43)?
-146
Let o(x) = -x**2 + 389*x + 13402. Give o(-32).
-70
Let f(m) = -1890670*m - 5672017. Give f(-3).
-7
Let l(q) = -20*q**2 - 4138*q + 376. Determine l(-207).
-38
Let c(z) = -z**2 - 9697*z - 3709950. Calculate c(-399).
-48
Let d(o) = -o**2 + 90*o + 2674. What is d(-29)?
-777
Let j(k) = 371*k**3 + 14*k**2 + 6*k - 2. Give j(-1).
-365
Let x(y) = 9*y**2 - 1741*y - 10403. Determine x(-6).
367
Let o(n) = 3279*n + 1555. Calculate o(-1).
-1724
Let j(m) = 1518*m + 49129. Determine j(-32).
553
Let l(t) = 100*t**2 - 39*t + 111. Give l(3).
894
Let w(t) = 113*t - 25378. What is w(197)?
-3117
Let c(y) = 11041*y - 971612. Calculate c(88).
-4
Let n(i) = -i**2 - 751*i - 24271. Calculate n(-34).
107
Let o(y) = -5*y**2 - 723*y + 981. Give o(0).
981
Let r(v) = 6*v**2 + 101*v - 1715. Determine r(17).
1736
Let b(s) = 5*s**2 + 108*s - 59. Give b(-23).
102
Let t(z) = 51*z**3 - 4691*z**2 + 4704*z - 13. What is t(1)?
51
Let t(z) = 1970*z - 9786. Give t(5).
64
Let h(w) = 4232*w - 59285. Determine h(14).
-37
Let l(d) = -d**3 - 171*d**2 + 2789*d - 205. What is l(-186)?
-19
Let y(d) = d**2 - 64*d + 2489. Give y(46).
1661
Let p(u) = -2*u**3 + 504*u**2 + 3073*u + 7. What is p(-6)?
145
Let f(r) = -411561*r + 411592. What is f(1)?
31
Let n(o) = 2*o**3 - 72*o**2 + 363*o - 62. What is n(30)?
28
Let w(u) = -42156*u - 41714. Give w(-1).
442
Let j(i) = -i**3 + 136*i**2 + 4032*i - 1145. What is j(161)?
-18
Let i(k) = 5*k**2 + 84*k - 95. Give i(-17).
-78
Let u(t) = -2*t**2 + 74*t + 724. What is u(15)?
1384
Let y(o) = -8712*o - 548916. What is y(-63)?
-60
Let m(j) = -13*j**2 + 171*j - 664. What is m(11)?
-356
Let p(b) = -64*b**2 - 1702*b + 702. Give p(-27).
0
Let l(p) = p**3 + 41*p**2 + 170104*p + 6974263. Give l(-41).
-1
Let z(s) = s**3 + 446*s**2 + 87*s - 159305. What is z(-445)?
5
Let l(i) = 14*i**3 - 26*i**2 + 814*i + 840. Calculate l(-1).
-14
Let r(g) = g**3 - 185*g**2 - 1524*g - 3822. Give r(193).
38
Let l(p) = p**3 + 4*p**2 - 70*p + 156. What is l(-11)?
79
Let r(y) = -154*y**2 + 437*y + 435. Determine r(-1).
-156
Let g(p) = 172*p - 2399. Calculate g(15).
181
Let h(m) = -m**3 + 47*m**2 + 327*m + 29. Calculate h(-6).
-25
Let m(a) = -46*a**2 - 319*a - 536. Give m(-3).
7
Let a(j) = 3*j**2 - 228*j - 345. Determine a(80).
615
Let p(y) = 5573*y + 551479. What is p(-99)?
-248
Let x(f) = -45*f**3 - 3015*f**2 - 408*f - 27328. Calculate x(-67).
8
Let k(m) = -12860*m + 13978805. What is k(1087)?
-15
Let s(w) = -w**2 + 114*w - 3164. Calculate s(37).
-315
Let u(v) = 24349*v - 4407188. Give u(181).
-19
Let n(f) = -f**3 + 9*f**2 + 150*f - 213. Calculate n(17).
25
Let z(s) = -36*s**2 - 1578*s - 10151. What is z(-36)?
1
Let q(c) = -c**3 - 715*c**2 + 58385*c + 75. What is q(74)?
1
Let p(a) = a**2 - 227*a + 4136. Determine p(207).
-4
